ivided by 205.
54
What is the remainder when 1008430 is divided by 674?
126
Calculate the remainder when 6385745 is divided by 3717.
3656
What is the remainder when 29179 is divided by 817?
584
What is the remainder when 896838 is divided by 1705?
8
What is the remainder when 19363868 is divided by 645462?
8
Calculate the remainder when 855324 is divided by 9719.
52
What is the remainder when 434026 is divided by 12048?
298
Calculate the remainder when 5190101 is divided by 1888.
1877
Calculate the remainder when 85525851 is divided by 2039.
2035
What is the remainder when 625270 is divided by 170?
10
What is the remainder when 117021 is divided by 58477?
67
Calculate the remainder when 7136973 is divided by 2238.
2229
Calculate the remainder when 43985 is divided by 3490.
2105
What is the remainder when 8324346 is divided by 178?
176
What is the remainder when 38763011 is divided by 208?
131
What is the remainder when 642504 is divided by 565?
99
Calculate the remainder when 3319472 is divided by 12.
8
What is the remainder when 5544028 is divided by 30?
28
What is the remainder when 162584936 is divided by 40646234?
0
Calculate the remainder when 14551809 is divided by 11066.
19
What is the remainder when 257248 is divided by 1648?
160
Calculate the remainder when 2250506 is divided by 2250471.
35
What is the remainder when 39400 is divided by 4922?
24
What is the remainder when 316720296 is divided by 10?
6
What is the remainder when 15793399 is divided by 608?
599
What is the remainder when 338645 is divided by 5291?
21
What is the remainder when 473245 is divided by 118016?
1181
What is the remainder when 4330634 is divided by 2004?
1994
Calculate the remainder when 8770653 is divided by 626473.
31
What is the remainder when 1879126 is divided by 1475?
1451
Calculate the remainder when 7354394 is divided by 366.
356
What is the remainder when 95327 is divided by 11882?
271
What is the remainder when 904212 is divided by 180841?
7
Calculate the remainder when 618635 is divided by 14931.
6464
Calculate the remainder when 1920371 is divided by 17618.
9
Calculate the remainder when 215050 is divided by 2062.
602
Calculate the remainder when 17726341 is divided by 3349.
84
Calculate the remainder when 165275 is divided by 55017.
224
What is the remainder when 9735076 is divided by 3244991?
103
Calculate the remainder when 5865368 is divided by 375.
368
Calculate the remainder when 12053 is divided by 11863.
190
Calculate the remainder when 8506554 is divided by 30.
24
Calculate the remainder when 11039397 is divided by 27.
15
Calculate the remainder when 1647969 is divided by 13398.
15
What is the remainder when 4179580 is divided by 26792?
28
What is the remainder when 5213579 is divided by 89889?
17
What is the remainder when 1168022 is divided by 3282?
2912
What is the remainder when 296491 is divided by 32618?
2929
Calculate the remainder when 17298267 is divided by 1730.
1727
What is the remainder when 3838045 is divided by 767592?
85
What is the remainder when 138277 is divided by 12569?
18
What is the remainder when 1355885 is divided by 2302?
7
Calculate the remainder when 212363 is divided by 16328.
99
Calculate the remainder when 6475521 is divided by 1079250.
21
What is the remainder when 236909696 is divided by 15?
11
What is the remainder when 20987928 is divided by 10?
8
What is the remainder when 1102553 is divided by 12?
5
What is the remainder when 8553219 is divided by 244377?
24
Calculate the remainder when 11603740 is divided by 5.
0
What is the remainder when 77052414 is divided by 13?
10
Calculate the remainder when 10542071 is divided by 1016.
55
Calculate the remainder when 39828 is divided by 1474.
30
Calculate the remainder when 5223154 is divided by 326.
308
Calculate the remainder when 1058917 is divided by 264589.
561
What is the remainder when 14273717 is divided by 1688?
1677
What is the remainder when 7643647 is divided by 7643633?
14
What is the remainder when 5724118 is divided by 1908035?
13
What is the remainder when 491010 is divided by 440?
410
What is the remainder when 70966 is divided by 4359?
1222
Calculate the remainder when 2436384 is divided by 365.
9
Calculate the remainder when 2220339 is divided by 1872.
147
What is the remainder when 109593 is divided by 248?
225
What is the remainder when 18783225 is divided by 196?
153
What is the remainder when 25914223 is divided by 5561?
5524
What is the remainder when 4423021 is divided by 1474323?
52
Calculate the remainder when 7264319 is divided by 322.
321
What is the remainder when 37332243 is divided by 14?
11
Calculate the remainder when 5708141 is divided by 2854063.
15
Calculate the remainder when 30332 is divided by 2933.
1002
What is the remainder when 158743539 is divided by 748?
735
What is the remainder when 530551 is divided by 128556?
16327
What is the remainder when 577536 is divided by 2845?
1
Calculate the remainder when 94582 is divided by 909.
46
Calculate the remainder when 35873 is divided by 105.
68
Calculate the remainder when 363251 is divided by 453.
398
What is the remainder when 23501 is divided by 11367?
767
What is the remainder when 6934747 is divided by 3457?
5
What is the remainder when 7879399 is divided by 101?
86
Calculate the remainder when 290156 is divided by 41403.
335
Calculate the remainder when 4838618 is divided by 1612609.
791
Calculate the remainder when 5053765 is divided by 3559.
3544
What is the remainder when 5031734 is divided by 4449?
4364
What is the remainder when 46934682 is divided by 63?
60
What is the remainder when 23967961 is divided by 10?
1
What is the remainder when 573049 is divided by 9830?
2909
What is the remainder when 3620552 is divided by 13766?
94
Calculate the remainder when 127292207 is divided by 11.
9
Calculate the remainder when 10788520 is divided by 523.
76
Calculate the remainder when 109799 is divided by 137.
62
Calculate the remainder when 22469327 is divided by 99.
89
Calculate the remainder when 26091095 is divided by 6522766.
31
Calculate the remainder when 2510601 is divided by 3154.
17
Calculate the remainder when 740064 is divided by 246565.
369
What is the remainder when 7759377 is divided by 3604?
3569
Calculate the remainder when 23910101 is divided by 585.
566
Calculate the remainder when 152717 is divided by 68.
57
What is the remainder when 929949 is divided by 1902?
1773
Calculate the remainder when 495362 is divided by 627.
32
What is the remainder when 19378647 is divided by 3181?
3176
What is the remainder when 59401717 is divided by 11880342?
7
What is the remainder when 397595 is divided by 333?
326
Calculate the remainder when 6876044 is divided by 681.
668
Calculate the remainder when 4739197 is divided by 161.
1
What is the remainder when 2612 is divided by 176?
148
Calculate the remainder when 3424316 is divided by 1712149.
18
Calculate the remainder when 57365454 is divided by 165796.
38
Calculate the remainder when 627776 is divided by 627769.
7
Calculate the remainder when 12780638 is divided by 1420067.
35
Calculate the remainder when 4972874 is divided by 1657611.
41
What is the remainder when 32944 is divided by 248?
208
What is the remainder when 12090313 is divided by 86?
3
What is the remainder when 21563951 is divided by 10781975?
1
What is the remainder when 29462777 is divided by 67?
63
What is the remainder when 43046872 is divided by 629?
628
What is the remainder when 8591174 is divided by 8591159?
15
Calculate the remainder when 64721 is divided by 768.
209
What is the remainder when 145446 is divided by 244?
22
Calculate the remainder when 15354659 is divided by 228.
227
Calculate the remainder when 702516 is divided by 270.
246
What is the remainder when 1847158 is divided by 70?
68
What is the remainder when 3526141 is divided by 113746?
15
What is the remainder when 608874 is divided by 608763?
111
What is the remainder when 585027 is divided by 56?
51
What is the remainder when 146362774 is divided by 84?
82
Calculate the remainder when 5182017 is divided by 6206.
7
What is the remainder when 7384618 is divided by 254642?
0
What is the remainder when 370328 is divided by 2?
0
What is the remainder when 2283390 is divided by 4566